rmine q(p).
-6
Let c = -28979/60 + 483. Let g(j) be the third derivative of 0*j + 0 + 1/3*j**4 + 4*j**2 - 7/6*j**3 - c*j**5. Determine g(5).
8
Suppose 4*f + v - 4 = 0, -2*f = -3*v + v - 12. Suppose 8*o - 8 = -4*y + 3*o, -18 = f*y - 3*o. Let n(w) = w**2 - 4. Calculate n(y).
5
Suppose 3*h + 8 = -n, -2*n = -0*n + 10. Let j = 2 + h. Let s(b) = 4*b + 1. What is s(j)?
5
Let j(o) = -o**2 + 4*o + 6. Suppose 5*b + 13 = -2. Let l(m) = -2*m. Let v be l(b). Determine j(v).
-6
Let o(q) = 4*q - 3. Let n be o(2). Suppose -n*d - 2*v = -1 - 8, 4*d - 14 = -5*v. Let g(i) be the second derivative of -7*i**4/12 + i**2/2 + 2*i. Determine g(d).
-6
Suppose -5*r + 10*r = 15. Let b(q) = 0*q + 4*q - 2*q**2 + r*q**2 - 5*q. Determine b(0).
0
Let s be (-19)/(-5) + (-2)/(-10). Let z(v) = -v + 2. Determine z(s).
-2
Let f(u) = 24*u + 4 + 27*u - 52*u. What is f(6)?
-2
Let q(u) = 18 + u - 13 - 10. Let m be q(12). Let b(c) = -c**3 + 6*c**2 + 6*c + 4. Calculate b(m).
-3
Let k(n) be the first derivative of -n**3/3 - 7*n**2/2 + 1. Let u(y) = -2*y - 20. Let b be u(-7). What is k(b)?
6
Let d(x) = x - 7. Let n(v) = 2*v**2 - 3*v + 2. Let s be n(3). Let b be d(s). Let z(c) = -3*c. Calculate z(b).
-12
Let v(u) = -u**2 - 5*u. Suppose -2*l - 6 = -0*l. Give v(l).
6
Let g(f) = -2*f**3 + f. Let d be 0*(1 - 9/6). Let p be (-2)/2*-1 + d. Suppose t = -0 - p. Give g(t).
1
Suppose 0 = 2*h + h + 9. Let t(k) = -k**3 - 3*k**2 - 2*k - 2. Calculate t(h).
4
Let h = 6 + -3. Suppose r - h*r = -6. Let f(y) = -2*y**2 + 3*y + 2. Determine f(r).
-7
Let b(u) = -3 + 3*u + 0 + 4 - u. Calculate b(-5).
-9
Let n(q) = q**2 - 4*q + 3*q - q - 7*q + 7. Give n(7).
-7
Let r(s) = 4*s**2 - 3. Suppose o = 3*o - 18. Let z(h) = -16*h**2 + 13. Let x(i) = o*r(i) + 2*z(i). Calculate x(1).
3
Suppose 5*p - 3*n - 2*n = 25, -p - 3*n = 3. Let t(w) = w**p - 4*w + 18*w**2 - 5 - 17*w**2 + 3*w. Give t(0).
-5
Suppose -6*w - 25 = -w. Let t(d) be the third derivative of -d**6/120 - d**5/15 + d**4/8 - 7*d**3/6 - 2*d**2. Give t(w).
3
Let l(m) = m**3 - 4*m**2 - 2*m. Let x be l(4). Let r(o) = o + 9. Let j be r(x). Let d(w) = -1 - 2 + w**2 + j. Give d(-3).
7
Let f(g) be the third derivative of -g**5/60 + g**4/8 - g**3/2 - 11*g**2. Give f(4).
-7
Let s(p) = -p**3 - 3*p**2 + 1. Let q = -17 - -35. Suppose 3*l - 2*l + 3*x = 0, 5*l - 3*x = -q. Give s(l).
1
Let p = 7 + -5. Let k be 2*p*3/6. Let g(t) be the second derivative of -t**5/10 + t**4/4 - t**3/2 + 3*t. Calculate g(k).
-10
Let g(k) = -7*k**3 - k**2 - 2*k - 1. Let z = -5 - -4. Let a = 0 + z. Let q be (2 - (0 + 1))/a. What is g(q)?
7
Suppose 4*a = -4*z - 8, 3*z = -3*a - a - 10. Let u(t) = -t**z - 1 + 2*t + 0 - t. Determine u(3).
-7
Let f(v) = -v + 2*v + 2*v - 4*v - 1. Determine f(1).
-2
Let z(a) = -a + 4*a - 5 - 4*a. Let f be 4 + 4*(-2)/(-4). Suppose -2*r = -f*r. Determine z(r).
-5
Let a be (-6)/9 - 2/6. Let c(i) = -2*i + 1. Let m be c(-4). Let w(s) = 1 - m*s**2 + s - s. Calculate w(a).
-8
Let i = -29 + 32. Let a(s) be the first derivative of 1 + 0*s**2 + 0*s - 4/3*s**i. Calculate a(-1).
-4
Let a(h) = -h**3 - 7*h**2 - 5*h + 4. Suppose 2*u + s = -16, -4*s - 12 = -s. Determine a(u).
-2
Let y(d) = d**3 - 11*d**2 - 11*d - 10. Let a be y(12). Let g(w) = -w**3 + 6*w - 7 - 2*w - 229*w**a + 225*w**2. What is g(-5)?
-2
Let v be ((-4)/8)/((-2)/(-4)). Let b(i) be the first derivative of -i**4/4 + i**3/3 + i**2/2 + 1. Determine b(v).
1
Suppose 0*d + 6 = -d. Let g(s) be the second derivative of s**5/20 + s**4/2 - s**3/6 + s**2/2 + s. Calculate g(d).
7
Let c(p) = -p**2 - 5*p. Suppose 0 = -5*w + 3*s + 40, -4*w + 27 = -2*s - 3. Suppose 4*q - w + 29 = 0. Calculate c(q).
-6
Let h(l) = -5 - 2 - 5*l**2 + 0*l + l + 5*l. Let n(o) = -o**2 + o - 1. Let f(u) = -h(u) + 6*n(u). Let j be 1/(-1) + 1/(-1). Determine f(j).
-3
Let f(o) be the second derivative of -o**5/60 + o**4/24 - 2*o**3/3 + 5*o**2/2 + 5*o. Let p(d) be the first derivative of f(d). Give p(3).
-10
Let d(b) be the first derivative of -b**4/12 + 2*b**3/3 - b**2/2 + 2*b + 3. Let g(k) be the first derivative of d(k). Calculate g(3).
2
Let n(y) be the third derivative of y**6/60 - y**5/20 + y**4/24 - y**3/3 - 15*y**2. Determine n(2).
4
Let p(z) = z + 7. Let n = -4 - -6. Let h = 5 - n. Suppose -h*o - 7 = 11. Calculate p(o).
1
Suppose -3*m = -8*m + 115. Suppose 3*o + 3*f - 2*f = 14, o = -4*f + m. Let b = o - 4. Let a(n) = 6*n - 1. Determine a(b).
-7
Let l be -1 - ((-2 - -1) + -2). Let k(w) = -53*w**l + w**3 + 0*w + 46*w**2 + 2 + 4*w. Give k(6).
-10
Let u(r) = -r - 7. Let h be u(-6). Let g(y) = -y**2 + y - 1. Let n(v) = -v**2 - 6. Let z(q) = h*n(q) + 2*g(q). Calculate z(4).
-4
Suppose -4*t - t - 25 = 0. Let f = t + 9. Let k(p) = -p**3 + 5*p**2 - p - 3. Give k(f).
9
Let h(f) be the first derivative of f**3/3 + 3*f**2/2 - 5*f - 34. Calculate h(-5).
5
Let o = 0 - 4. Let u = -2 - o. Let v(j) = 2 + j**2 - 3*j - 6 + 0*j + 2. What is v(u)?
-4
Let l(z) = -z + 16. Suppose p - 14 - 7 = -2*m, -m + 3*p - 7 = 0. What is l(m)?
8
Let j(n) = -n - 1. Let p(b) = 6*b + 7. Let q(c) = 35*j(c) + 5*p(c). Calculate q(-1).
5
Let c(g) = 3*g - 1. Suppose 10*k + 20 = 5*k. Calculate c(k).
-13
Let g(b) = b**2 - 5*b + 6. Let d be g(4). Let f(n) = 3*n - 7 - n**d - n**3 - 4*n + 0*n. Calculate f(0).
-7
Let q(b) = -b - 3. Let a = -119 + 111. What is q(a)?
5
Let i(q) = -16*q**2 + 8*q. Let c(w) = w**2. Let x(t) = 10*c(t) + i(t). Let u(a) = -a**2 + a. Let h(j) = -8*u(j) + x(j). Give h(-2).
8
Let l(q) = -q**2 + q + 6. Let d be l(3). Let u(n) = n + 7. Give u(d).
7
Let k(a) = -a**2 - 2. Let s be k(0). Let x = -2 - s. Let v be 3*(4 + (-3 - x)). Let b(r) = r - 4. Calculate b(v).
-1
Let y(h) = -h**2 - 2*h + 3. Let c(f) = 2*f**2 - 2*f + 1. Let q be c(-3). Let k = 22 - q. Determine y(k).
0
Let w = -1 + 3. Suppose w*p + 3 = -p. Let v(m) = -6*m**3 - 2*m**2 - m. Calculate v(p).
5
Let v(q) be the first derivative of -q**3/3 - q**2/2 - 2*q + 1. Let n(k) be the first derivative of v(k). Calculate n(2).
-5
Let a = -5 + 2. Let s(c) be the second derivative of -c**5/20 - c**4/3 - c**3/3 - 3*c**2/2 - 5*c. Give s(a).
-6
Let m(y) = -16*y - 8 - 1 + 6*y + 11*y. Determine m(4).
-5
Let r(v) = -3 + 0 + 6*v + 2. Let t = 5 + -5. Suppose t*o = -4*o + 4. What is r(o)?
5
Suppose 6*r - 4*r = 8. Suppose -3*s + 18 = -3*y, r*y - 2*y = 0. Let k(a) = a**3 - 7*a**2 + 7*a - 6. Calculate k(s).
0
Let p(b) = b**3 + 3*b**2 + 3*b + 4. Suppose -3*c + 1 = 4. Let l(d) = 0*d + 0*d - d. Let u(r) = c*p(r) - l(r). Give u(-3).
2
Let z(c) = c**3 + c**2 + c + 1. Let p(h) = 2*h**3 + 10*h**2 - h + 9. Let q(i) = -p(i) + 3*z(i). What is q(6)?
-18
Suppose o + 4 = 2*o. Let j(w) = -w**3 - w**2 + 1. Let l(n) = 0 + 3*n + 5*n**3 - 1 + 2*n - n**2. Let p(d) = 4*j(d) + l(d). Determine p(o).
7
Let b be 5 + -2 - 0 - 8. Let t = 9 + -8. Let r(j) = 1 - 2*j - 2 - t. Give r(b).
8
Suppose -4*o + 3*o = -5*r + 5, 1 = -2*r + o. Let h(j) = 0*j + 3 + r*j + 2 + 3. Let q(c) = 2*c + 9. Let l(a) = 6*h(a) - 5*q(a). What is l(-3)?
-3
Let y = -3 + 4. Let z(r) = r**2 + r. Let p(l) = 0*l**2 - 2*l**2 - 3*l**2 - 6*l + 1. Let x(j) = y*p(j) + 6*z(j). Calculate x(-1).
2
Suppose -6*r + 7 = -5. Let f(q) = -5*q. Give f(r).
-10
Let i(a) = a**3 + 2*a**2 - 2*a - 2. Let c(m) = 2*m - 8. Let w(b) = 0 + 0 + 3 - b + 0. Let v(q) = 3*c(q) + 8*w(q). Let l be v(1). Give i(l).
2
Let v(s) = s**2 - 9*s + 9. Suppose 0 = -2*d - 3*n - 1 - 0, 4*d + 2*n = 18. Calculate v(d).
-5
Let q(n) be the second derivative of 0 + 1/3*n**3 + n**2 - 1/6*n**4 + 1/20*n**5 - n. Give q(2).
6
Let z(v) = -v - 7. Let q(p) = -2*p - 15. Let l(h) = -4*q(h) + 9*z(h). What is l(-5)?
2
Let g(u) = -9*u**3 + 4*u**2 + 1. Suppose -6*w = -2*w + 4. Let j(r) = -r**3 + r**2. Let h(s) = w*g(s) + 4*j(s). Give h(1).
4
Let s(y) = y**2 + y - 5. Let r(i) = 1. Suppose u + 4*u - 4*j - 9 = 0, 2*u + 2 = -4*j. Let d(q) = u*s(q) + 2*r(q). Give d(0).
-3
Let x = -4 - 2. Let m(i) = i + 5. What is m(x)?
-1
Suppose 6 = -2*x - 2*a, -4 = 5*x - 3*a + 27. Let h(y) = y**2 + 5*y - 2. Calculate h(x).
-2
Let q(v) = -10*v + 0 + 0 + 6 + 9*v. Let l(f) = -f**3 - 6*f**2 + 7*f + 5. Let b(y) = -6*y**2 - 2*y + 1. Let k be b(1). Let h be l(k). What is q(h)?
1
Let s(h) = h**3 + 2*h**2 + 4*h + 4. Suppose 4*p + 3*m = 6*p + 18, 5*p + 35 = 5*m. Calculate s(p).
-17
Let t(d) = d**2 - 3*d. Let o be t(4). Suppose 24 = -a + o*h, -2*h + 10 = -0. Let v(b) = 6*b**2 + 5*b + b**3 - 25*b - 2 + 15*